. What are the prime factors of g?
2, 3, 31
Suppose q = -2*o + 69, -4*o + o + q = -111. Let m = o - 19. List the prime factors of m.
17
Let o(q) = -28*q**3 - 9*q**2 - 13*q + 12. What are the prime factors of o(-4)?
2, 107
Let k(j) = 10*j**2 + 44*j + 463. What are the prime factors of k(-20)?
3583
Suppose 29 = 5*a - 3*y, -5*a - y = 5 - 22. Let n(d) = 2*d**3 - 5*d**2 + 5*d - 3. What are the prime factors of n(a)?
5, 13
Let u(s) = 3*s**2 - s - 35. What are the prime factors of u(8)?
149
Suppose 12*r = 9*r + 507. Let m = -85 + r. List the prime factors of m.
2, 3, 7
Let i(c) = 3*c**2 + 4*c - 5. List the prime factors of i(18).
1039
Let v = -61 - -61. Let z(i) = i**2 - 5*i + 145. List the prime factors of z(v).
5, 29
Suppose -53*a + 50*a = 60. What are the prime factors of (-2 - -86)*(-15)/a?
3, 7
Suppose 23*d - 1828 = 19*d. What are the prime factors of d?
457
Let h(i) = -12 - 9*i - i**2 - 7*i + 3*i + i. Let j be h(-11). What are the prime factors of (-2)/(-6)*(98 - j)?
3, 11
Let f = -174 + 200. List the prime factors of f.
2, 13
Let h(f) = -f**2 + 13*f + 43. Let k be h(13). Suppose -g - 3 + 30 = x, k = g + 5*x. What are the prime factors of g?
23
Let t = -31 - -55. Let r = t - -39. What are the prime factors of r?
3, 7
Suppose 0 = -5*b + 1 + 4, 2*t - 19 = 3*b. Let r(u) = -u**3 + 11*u**2 + 4*u + 8. List the prime factors of r(t).
2, 13
List the prime factors of 86/(4/(-12) - (-28)/60).
3, 5, 43
Suppose -13 = -3*z - 1. Suppose 3*o + 57 = 4*w, -5*w + z*o - 7*o + 51 = 0. List the prime factors of w.
2, 3
Suppose 2*v = 3*h - 0*h - 879, 2*h = -3*v + 599. List the prime factors of 2*h/(-30)*-3.
59
List the prime factors of (-21800)/(-25) + (-15 - -3)/(-2).
2, 439
Let i = -64 - -98. Suppose 280 = -5*l + 4*g, l + g + 99 - i = 0. Let t = -33 - l. List the prime factors of t.
3
Suppose 0 = 4*b - 2*n - 22, -2*b = -b - 3*n - 13. Suppose 3*y = y - b. What are the prime factors of 12/3 - (0 - y)?
2
Let d(h) = h**3 + 2*h**2 + 5*h + 6. Let z be d(-6). Let o = z - -304. List the prime factors of o.
2, 17
Suppose 0 = d - 3*d. Suppose d*y + 78 = 3*y. What are the prime factors of 4/(-2)*y/(-4)?
13
Let l = 23 - 11. Let u = l - 41. Let s = -14 - u. What are the prime factors of s?
3, 5
Let s be 312/36 + 1/3. What are the prime factors of (-1754)/(-14) + ((-18)/7)/s?
5
Let a(l) = -l**2 + 9*l - 4. Let k be a(8). Suppose k*f - 7*f + 15 = 0. Suppose -z - 3*b = -25, -z - f*b + 30 + 5 = 0. List the prime factors of z.
2, 5
Suppose -11 = x - 5. List the prime factors of (-12)/(-8)*(-256)/x.
2
Suppose -5*a - 3078 + 12303 = 0. List the prime factors of a.
3, 5, 41
Let u(l) = 13*l**2. Let m be u(-1). Let w = -27 + m. Let v = 29 + w. List the prime factors of v.
3, 5
Suppose -7*l = -2*l + y + 134, 16 = -4*y. Let q be (-1105)/l*16/5. Suppose -3*w = -g + 3*g - q, 2*g = 5*w - 200. List the prime factors of w.
2, 3, 7
Let d(r) = 61*r + 3. Let g be d(1). Suppose -3*l - 4*p = -74, 5*l = 2*l + p + g. What are the prime factors of l?
2, 11
Suppose 0 = -4*a + 2*m + 26, 2*m - 28 = -5*a + 9. Suppose -10*d + 657 = -a*d. List the prime factors of d.
3, 73
Let s = 100 - 102. Let y(u) be the third derivative of u**6/120 + u**5/12 + u**4/12 + 4*u**2. What are the prime factors of y(s)?
2
What are the prime factors of 54216/(-90)*(-5)/2?
2, 3, 251
Suppose 10*v - 314 - 166 = 0. List the prime factors of (-9348)/(-32) + (-6)/v.
2, 73
Suppose 458 = -2*t + r + 105, 5*r - 721 = 4*t. What are the prime factors of ((-13)/(-39))/((-2)/t)?
29
Let j be (-30)/(-20)*12/(-2). List the prime factors of ((-27)/(-5))/(j/(-30)).
2, 3
Let a(f) = -14*f - 17. Let w(s) = -5*s - 6. Let p(l) = 3*a(l) - 8*w(l). Suppose 5*i + 48 = -3*r, -5*i + 5*r - 41 = r. What are the prime factors of p(i)?
3, 5
Suppose 7*f = 5*f - 4*l + 254, -2*f - 5*l = -249. List the prime factors of f.
137
Let t = -1201 - -1853. Suppose m = -3*m + t. What are the prime factors of m?
163
Let w = 62 - 60. Suppose 6*t - 976 = -w*t. What are the prime factors of t?
2, 61
Let d(n) = 5*n + 3. Let l(m) = 4*m + 4. Let f(t) = -3*d(t) + 4*l(t). What are the prime factors of f(-5)?
2
Let j = 3063 - 1525. What are the prime factors of j?
2, 769
Let v = -449 + 1052. What are the prime factors of v?
3, 67
Suppose 0 = 6*w - w + 65. Let z = 15 + w. Suppose -z = r + 4*i, -i = -3*r - 0*i + 46. What are the prime factors of r?
2, 7
Let u(z) = -151*z - 245. List the prime factors of u(-9).
2, 557
Suppose -4*i + 39 - 15 = 0. Let h be 104/12*1*9. Suppose -i*j + h = -3*j. What are the prime factors of j?
2, 13
List the prime factors of 188 + (-24)/(-3 - 1).
2, 97
What are the prime factors of (2/(-1) - -3)*(2519 + -2)?
3, 839
What are the prime factors of (-6 + (-52)/(-8))*9662?
4831
Let z(p) = p**2 - 7*p - 6. Let n(s) = -4*s + 2. Let d be n(-3). Let f be (-138)/(-17) + d/(-119). What are the prime factors of z(f)?
2
Suppose 0 = -11*m + 14*m + 3, 4*g + 2*m - 130 = 0. List the prime factors of g.
3, 11
Suppose -219 = -3*x - 4*c, 2 - 17 = -5*c. Suppose -5*f - x + 279 = 0. List the prime factors of f.
2, 3, 7
Suppose 6*n = 10*n - 436. Let g = n - 27. What are the prime factors of g?
2, 41
Let p(i) be the first derivative of -37*i**2/2 - 26*i - 4. What are the prime factors of p(-4)?
2, 61
Let r(j) = 2*j**3 - 13*j**2 - 2*j - 55. List the prime factors of r(10).
5
Suppose -10 = k + 4*k. Let c = k - -7. Suppose 4*p + 12 = c*p. List the prime factors of p.
2, 3
Let z(w) = -14*w - 19. What are the prime factors of z(-21)?
5, 11
Suppose 0 = -t - 2*t - 5*t. Suppose o - 51 - 105 = t. List the prime factors of o.
2, 3, 13
Let l(r) = 10*r**2 + 15*r + 9. What are the prime factors of l(15)?
2, 3, 23
List the prime factors of -43 + 44 + (1433 - 2).
2, 179
Let l be 57/(-2)*(-4)/6. Suppose 4*c + 3*z = 9 + 1, -c = 4*z + 4. Suppose -4*x - 4*n = -24, -3*x + 3 = c*n - l. What are the prime factors of x?
2
Suppose 0 = 23*m - 29932 - 28396. List the prime factors of m.
2, 317
Let z(n) = n**2 - 4*n - 6. Let a(s) = -1. Let i(c) = 4*a(c) + z(c). Let d be i(-5). What are the prime factors of 2 + 0 + 0 + d?
37
Let a = 14 - 18. List the prime factors of (-238 + -1)*(a + 3).
239
Let l(m) = 930*m**2 + 4*m - 2. List the prime factors of l(-2).
2, 5, 7, 53
Let y(f) = 2*f - 35. Let t be y(6). What are the prime factors of (-4 - 1)*t*1?
5, 23
List the prime factors of (1 + 500)*(-28)/(-12).
7, 167
What are the prime factors of (-1 + 556 - -3)/(4/6)?
3, 31
Let f = -8 + 7. Let j be f*-2*(-1 - -2). Suppose -j = 2*h + 4*a - 8, 3*a = -4*h + 12. List the prime factors of h.
3
Suppose -3 = -3*f + 2*f. Suppose 3*g = -k - 2*g - 8, -f*k = 5*g + 4. Suppose -k*i + d + 12 = 0, -4*i + 4*d = -3*i - 13. What are the prime factors of i?
5
List the prime factors of ((-4)/(-12)*-29)/((-2)/96).
2, 29
What are the prime factors of 330 - -3 - (0 - -4)?
7, 47
Suppose 5*u - 5*i = 4220 + 7120, -u = 6*i - 2289. What are the prime factors of u?
3, 757
Suppose 97 = 4*m - 55. Suppose 11 = 3*o + m. Let a(g) = g**3 + 8*g**2 - 11*g + 9. What are the prime factors of a(o)?
3
Suppose -194 = r - 2*d + d, -2*r = -4*d + 388. Let s = -106 - r. List the prime factors of s.
2, 11
Suppose -8*x - h = -3*x + 4, 3*x - 8 = 2*h. Let w = 4 + x. List the prime factors of (11 - -1)/w + 21.
2, 3
Let t be (1 + -1)/(-14 + 16). Suppose -3*o - 3 = -t. What are the prime factors of o/(-2)*(-318)/(-3)?
53
Suppose 0 = 3*f + 2*f + 70. Let c = f - -21. What are the prime factors of c?
7
Suppose 202 - 77 = -5*h - 5*t, 43 = -3*h + 5*t. Let l = h + 29. Suppose 24 = l*g - 5*g. List the prime factors of g.
2
What are the prime factors of 296/(-5)*(4 - 14)?
2, 37
Let b = 651 + 1232. List the prime factors of b.
7, 269
What are the prime factors of (-29)/(203/(-11270)) - 3/(-1)?
1613
Suppose 4*b = q + 285 - 44, -4*q - 232 = -4*b. Suppose 33 = 2*g + 3*i - b, 5*i = -g + 47. List the prime factors of g.
47
Let v be (((-2628)/(-4))/3)/1. Let b = v + -155. What are the prime factors of b?
2
Let n be (316/5)/2 - (-36)/90. Suppose -s - 4*m + n = 0, -2*s - m = -s - 23. List the prime factors of s.
2, 5
Let m(h) = -13*h**3 + h**2. Let t be m(-1). Suppose t = 5*v - 16. Let o(q) = q**2 - 7. What are the prime factors of o(v)?
29
Let d(v) = -v**2 + 7*v + 24. Let l be d(9). Let p(r) = 3*r**2 - 9*r + 7. List the prime factors of p(l).
61
Suppose -c = 2*c - 141. Suppose 0 = 5*a 